e factors of w?
2, 5, 31
Suppose 0*v - 204478 = -38*v - 21508. List the prime factors of v.
3, 5, 107
Suppose g = 31*g - 11*g - 342076. List the prime factors of g.
2, 7, 643
What are the prime factors of 2260388/(-364)*(-49)/7?
17, 2557
Suppose -4*u - 5*f = -5*u + 24, -5*f - 32 = -3*u. What are the prime factors of (u - (-256)/3)/((-4)/(-18))?
2, 3, 67
Suppose -60 = -0*l - 4*l. Suppose -3*p - 5*u + 80 = 0, 3*u - 15 = -4*p + 77. Suppose p*m - l*m = 830. List the prime factors of m.
2, 83
Suppose -l + 8095 = 3*r - 10547, l + 4*r = 18648. What are the prime factors of l?
2, 3, 97
Suppose -4*r - 17 = -b, 4*b - 20 = 4*r + 24. Suppose -5*a - 2*j + j - 3 = 0, 2*a + b = -3*j. Suppose a = o - 68 + 13. List the prime factors of o.
5, 11
Let r(g) = 67736*g**2 + 180*g + 179. What are the prime factors of r(-1)?
5, 19, 23, 31
Suppose 7*h - 328147 = -65206. What are the prime factors of h?
3, 19, 659
Let q(y) = -9*y**2 - 111*y**3 + 3*y + 110*y**3 + 1 - 18*y. List the prime factors of q(-10).
251
List the prime factors of -39038*((-45)/(-54))/(80/(-144)).
3, 131, 149
Let y = 93 - 1663. Let o = -860 - y. List the prime factors of o.
2, 5, 71
Suppose -43*m - 22134 = -48*m + 4*q, 4*q + 8844 = 2*m. List the prime factors of m.
2, 5, 443
Suppose -595360 = 96*b - 3279712. List the prime factors of b.
2, 11, 31, 41
Let o(z) = -13*z + 12. Let u be o(19). Let d = 606 + u. What are the prime factors of d?
7, 53
Let y(k) = -k**3 + 2*k**2 + 4*k - 10. Let h be y(-5). Suppose -t = -h - 335. What are the prime factors of t?
2, 3, 5
Let l(s) = s**3 + 14*s**2 - 35*s - 17. Let g(n) = -6*n**2 + 23*n - 8. Let b be g(4). What are the prime factors of l(b)?
691
Suppose t = 4*o - 635 + 144, 4*t = -2*o + 268. Let z = o + 31. What are the prime factors of z?
5, 31
What are the prime factors of (903/(-28))/(3/1 - 151221/50388)?
3, 13, 17, 43
Suppose 4*i = -5*o + 32 - 39, -9 = -3*i + o. List the prime factors of (-206295)/(-225) + i/15.
7, 131
Suppose 2*i - 4 = -10. Let w(u) = 8 + 1 + 10 - 22 - 70*u. List the prime factors of w(i).
3, 23
Let g = -18 + 19. Suppose z - g = -2*i + 3, -2*i = -4*z - 24. Suppose 0 = t - i*r - 129, -3*t + 0*r = -2*r - 417. List the prime factors of t.
3, 47
Suppose 3*b + 4*p + 1593 = -112, -5*b - 2861 = -3*p. Let d = -374 - b. List the prime factors of d.
197
Let b = 16978 + -9240. List the prime factors of b.
2, 53, 73
Let a = -2231 + 2250. Let k(t) be the first derivative of -t**3/3 + 11*t**2 - 21*t + 2. What are the prime factors of k(a)?
2, 3
Suppose 5*t + 9 = -b, 7*b + 14 = 2*t + 3*b. Let w be 0 + (-3596)/(-20) - t/5. Suppose -u - 4*m = -0*u - 40, 3*m = 3*u - w. List the prime factors of u.
2, 7
Suppose -3*y = -b + 169, -5*y + 561 = 4*b - 47. Let s = b + 91. What are the prime factors of s?
2, 31
Let r(g) = 23*g**2 - 14*g + 448. What are the prime factors of r(-21)?
5, 7, 311
Suppose 14140 = -56*v + 60*v. Suppose -2*c - 3*q = 133 - 1544, 5*q = -5*c + v. What are the prime factors of c?
2, 5, 71
Suppose -41*j + 2*j = 137*j - 7723936. What are the prime factors of j?
2, 21943
Let q = 11 + 19. Let j be (-20)/(-15) - (-2 + (-10)/(-3)). Suppose -2*n + 2*b + q = j, 5*b + 26 = 2*n + b. List the prime factors of n.
17
Let u(o) = 1105*o**2 + 15*o - 379. List the prime factors of u(6).
17, 23, 101
Let o(s) be the third derivative of -35*s**4/8 + s**3 - 42*s**2. List the prime factors of o(-1).
3, 37
Let l(w) = -79*w + 33. Let v(f) = 80*f - 31. Let b(i) = 5*l(i) + 6*v(i). Suppose -3*o - 4*n = -1, 3*o - 2*n = -4*n + 5. List the prime factors of b(o).
2, 3, 13
Let u = -563 + 566. Suppose 4*m - 7*m = -6, u*k - 2*m - 2513 = 0. What are the prime factors of k?
839
Let f(a) = -1569*a + 39. Let b be f(-14). What are the prime factors of (b/(-6))/(-5) - 12/8?
2, 3, 61
Let o(i) = 510*i + 682. List the prime factors of o(5).
2, 101
Suppose 2*k = 4*q - 4 + 28, -12 = 4*k + 4*q. Suppose -k*a + 1406 = -4*r, -3550 = 4*a - 9*a + 3*r. What are the prime factors of a?
23, 31
Let k be 7/5 - 5/(50/(-6)). Let l(b) = -5*b - 25*b + 6 + 1 - k. What are the prime factors of l(-3)?
5, 19
Let h(x) = 58*x - 749. List the prime factors of h(16).
179
Let w(h) = -3*h + 39. Let n be w(5). Suppose 0 = -n*i - 10418 + 45146. List the prime factors of i.
1447
What are the prime factors of ((-2)/(-4))/(140430/(-35108) - -4)?
67, 131
Let n(x) = -3*x**2 + 10*x + 3. Let l be n(-5). Let b = -134 - l. List the prime factors of (111/b)/(2/(-56)).
7, 37
Let i(g) = -4*g**3 + 6*g + 10. Suppose 0 = 5*p - 4*z + 44 - 8, -3*p + 5*z - 32 = 0. List the prime factors of i(p).
2, 11
Suppose 10*r - 2051 = 30219. What are the prime factors of r?
7, 461
Suppose -q - 16 = -3*o, 111 = -5*q - 4*o - 7. Let a = 142 - 52. Let t = q + a. List the prime factors of t.
2, 17
Let n(v) = -2*v**3 - 4*v**2 - 36*v + 4. Let f be n(-11). Suppose -4*i - 4*o + 3440 = 0, -3*i + f = -7*o + 9*o. List the prime factors of i.
2, 3, 11, 13
Suppose -h = 3*h + 260. Let f be 104/h - 4/10. What are the prime factors of -50*((-2)/f - 2)?
2, 5
Let t = -74 - -74. Suppose t = 21*x - 18*x - 2826. List the prime factors of 2/(-6) - x/(-18).
2, 13
Suppose -3*d - 40 = -5*p, 4 + 1 = -3*p - 4*d. Suppose s - 251 = -p*x, -2*x + s = -45 - 61. List the prime factors of x.
3, 17
Suppose 4*f = 9*f + 4*n + 803, -2*f + 2*n - 332 = 0. Let m = f + 678. List the prime factors of m.
5, 103
Let m(a) = 2190*a**2 - 423*a - 1271. What are the prime factors of m(-3)?
2, 13, 379
List the prime factors of (-231549636)/(-4371) + 4/(-62).
2, 3, 109
Let h = -103 + 106. Suppose -4*x + 3*m = -2355, -h*x - x + m + 2361 = 0. List the prime factors of x.
3, 197
Let w(l) = 11*l - 64. Let r be w(6). Let u(h) = 129*h**3 + h**2 - 7*h. List the prime factors of u(r).
2, 7, 73
List the prime factors of ((42/15)/(184/230))/(2/4508).
7, 23
Let n(r) = -r**3 - 2*r**2 - 2*r + 2. Let a be n(-2). Suppose -a*t = -14*t - 64. What are the prime factors of t/(-6) + (-4)/(24/(-358))?
61
Suppose 0 = -w - 2*v + 38, 9*w + 3*v = 14*w - 164. Let n be (-9)/2*56/(-6). Let l = n + w. What are the prime factors of l?
2, 19
Suppose 15*s = 9*s. Suppose -2*b + 352 + 118 = -2*c, s = -4*b - 2*c + 940. List the prime factors of b.
5, 47
Suppose 0 = 2*g + 9*n - 13*n - 1302, 0 = 2*g - 2*n - 1306. What are the prime factors of g?
5, 131
List the prime factors of (605/(-25) + 24)*(-1 - 29529).
2, 2953
Let m = -6 - -10. Suppose m*v - 5*d - 70 = 148, -4*v - 2*d + 232 = 0. Suppose -3*c + 6*c - v = 0. What are the prime factors of c?
19
Let z(i) = -101*i + 459. List the prime factors of z(-68).
17, 431
Let m be (-1)/(-4) - (-73885)/140. List the prime factors of (-8300)/(-7) - (6 + m/(-84)).
2, 593
Let n(k) = 2*k**3 - 5*k**2 - 3*k - 1. Let h be n(4). Suppose -2*u - 3*u + h = 0. List the prime factors of 1 - (u + -4 - 44).
2, 3, 7
Suppose 4*c - 8632 = -4*o, -9*c + 10774 = -4*c + o. Suppose 546 = i + 3*u, 4*i + u - c = 4*u. What are the prime factors of i?
2, 3, 5
Suppose 16*b + 956970 = 106*b. What are the prime factors of b?
7, 31
Let p = 7 + -55. Let f = 121 + -157. List the prime factors of 45/f*p/2.
2, 3, 5
Suppose -1011 = -5*m + 714. Suppose -3*y = -z + 713, 4*y - 2*z - 41 = -995. Let k = m + y. List the prime factors of k.
109
Let f(h) = 905*h**2 + 159*h - 739. What are the prime factors of f(6)?
5, 7, 937
List the prime factors of (1634/8)/(((-1)/12)/((-792)/216)).
11, 19, 43
Let q be (90/(-90))/(1/86*-2). Suppose 4*f - 12 = 20. Let k = q - f. List the prime factors of k.
5, 7
Let c(z) = 10*z**2 - 13*z**2 + 15*z + 5*z**2 - z**2 + 16. Let i be 2/(-8) - (-63)/(-4). List the prime factors of c(i).
2
What are the prime factors of (112/14 - 23) + 4367?
2, 17
What are the prime factors of -3 + 1 - 27*(-71 - (-4)/(-4))?
2, 971
Suppose -8 = 2*p - 3*u - 0*u, -2*u = 4*p - 16. Let j = 60 - 56. Suppose 13 = 3*y - 2*n - 279, j = -p*n. What are the prime factors of y?
2, 3
Let b = 1782 + -558. Suppose -3*r = 2*i - 918, -4*r + 6*i - 2*i = -b. What are the prime factors of r?
2, 3, 17
Let l be 3 - 1008/12*2/(-4). Suppose 0*k - l = -3*k. Suppose -131 = -p - k. What are the prime factors of p?
2, 29
Suppose 4*t = -3*x - 0*t + 479, -3*x + 444 = -3*t. Let q = x + 348. List the prime factors of q.
3, 167
Suppose t = -3*t - 4*m + 1016, -t + 254 = -4*m. Let c = t - -5. What are the prime factors of c?
7, 37
Suppose 0 = 3*o + 3*a + 15 +